 value of -146 + 166 - (39 - 4)?
-15
What is (8 + 8 - 11 - (-7 + -1)) + 3?
16
What is the value of -5 + -14 - -4 - (1 - 9)?
-7
Evaluate -18 + -22 + 5 + 6 + 2 - 2.
-29
Evaluate 3 + 30 + -36 - 22.
-25
0 + 0 + -82 + 53 + 3 + 5
-21
What is 20 - 39 - (-7 - 17)?
5
Calculate 28 - ((3 - 9 - -10) + 2).
22
(17 - (69 + -29)) + 46
23
0 + -7 + 6 + 9
8
Calculate -17 - (-12 + 7 + 2).
-14
Calculate -13 + 18 + -9 + -2 + 8.
2
(-10 - -7) + -13 - -23 - (-16 + 1)
22
Calculate (11 - (-9 + 14)) + 2.
8
What is -166 - -170 - (-6 + 1 + 0 + 1)?
8
What is the value of -16 + (-1 - (-16 - 5))?
4
What is 51 + -55 - (5 + -3 + 2)?
-8
What is the value of -2 + (33 - (9 + -8)) + -8 + 3?
25
Calculate -4 + (47 - 34 - (-2 - -4)).
7
What is the value of (0 - (0 - (-1 + 7))) + -15?
-9
Calculate 3 + -5 - (3 + -6 + 8).
-7
17 + -6 + -11 - 6
-6
Evaluate 2 + 12 + (1 - (6 - (1 - 2))).
8
What is (34 - 24 - 57) + 14?
-33
What is 12 - (29 - 29 - (-2 + (7 - 1)))?
16
Evaluate 4 + 24 + (-1 - -5) - (0 - -7).
25
What is the value of 21 - (16 - 4) - 1?
8
1 + -2 + 1 + (-24 - (-29 - -14))
-9
Evaluate 1308 - 1346 - (-1 + -16).
-21
What is (-22 - -4 - -18) + (12 - -1)?
13
0 - ((-39 - -23) + (0 - -10))
6
What is 11 + -5 - (10 + -3) - 1?
-2
Evaluate 0 + (-32 - -19) - -10.
-3
What is 6 + 1 + (3 - 1) + -7 + -1?
1
What is 15 + 2 - (-378 + 374 + 16 + -1)?
6
What is 28 - 4 - 4 - (9 + -7) - 2?
16
Calculate 6 - 9 - (-13 + 20).
-10
Calculate 8 - (-5 - (-9 + -2)).
2
Calculate -34 + (6 - (9 - 18) - (1 - -9)).
-29
Evaluate 45 - 9 - (48 - -16).
-28
Evaluate -12 + 30 + (-1 - 7) + (-4 - -7).
13
Calculate 7 + (-11 + (2 - -1) - 10).
-11
-2 - (-11 + 5 - 0)
4
64 + -68 - (-1 + -17)
14
Calculate (-2 - 0 - 1) + (-41 - (-63 - -15)).
4
(2 - 0) + 2 + (21 - 36 - -1)
-10
-21 + 31 + 3 + 3
16
(-10 - (-14 - 9)) + (23 - 11)
25
What is -8 - (-8 - -2) - (-11 - -16 - -20)?
-27
Calculate -1 + (6 + -18 - -11).
-2
What is the value of (-1 + 5 - 1) + (-73 - (57 - 124))?
-3
-31 + 7 + (3 - 0)
-21
-19 + (-22 - -60) + -20
-1
Evaluate 4 + (-2 + -3 - (0 - 5)).
4
What is the value of -2 - (8 + 26 - 12)?
-24
What is 14 + -14 - -6 - -5?
11
What is the value of (11 + -2 - -4) + -22?
-9
(11 - 9 - -7) + (-18 - -2)
-7
Evaluate (0 - -1) + -18 + 6 + -2 + -7.
-20
Evaluate 1 + -2 + -3 + 521 + -505.
12
Evaluate (3 - -6 - 11) + 1 - (8 - 2).
-7
What is (-1 - 1) + 4 - (-20 - -30)?
-8
15 - (25 + 6) - (-3 + 2 + 5)
-20
Calculate 25 - (-10 - (-43 - -38)).
30
What is 0 + (-5 - (-4 + -4 + 5))?
-2
23 + -3 + (-5 - 5) + -28
-18
Calculate -3 + 4 + (9 - 4) - 3 - 3.
0
Calculate 8 + -13 + -16 + 22 + -25 + -2.
-26
Calculate (12 - -1) + -5 + (-6 - -7).
9
(-12 - -2) + 14 + (-7 - -1)
-2
Calculate (1 - 37) + 0 + -15 + (26 - 8).
-33
(-20 + (-8 - -17) - 11) + 5
-17
Evaluate (-58 - -48) + (17 - (0 - 2)).
9
What is the value of -11 + -14 + 2 + -26 + 14?
-35
Calculate (-19 - -14) + (20 - (4 + -3)).
14
(15 - (-16 - -32)) + -7 + (0 - 3)
-11
What is 17 + -10 - (4 - (0 - -6))?
9
-3 + -15 + 12 - -14 - 23
-15
(-29 - 2) + (6 - (-1 - (12 + -13)))
-25
What is the value of (19 - 0) + -20 + 8 + 5?
12
Evaluate 1 + (-4 + -1 - -6).
2
What is the value of -10 - (-20 - 2) - -6?
18
What is the value of (43 - -25) + -26 + -41?
1
Calculate 15 - (-15 - (11 + -39)).
2
1 + (4 - (1 + -7 + 3 + 1))
7
Calculate 65 + (-85 - (4 - 47)).
23
What is (8 - 1) + (-23 - (-12 - -5))?
-9
-1 - (-14 - 30 - -67)
-24
Calculate 24 - (36 - (-3 - -1)).
-14
Calculate -6 + (-10 - (-12 - -3)) + -5.
-12
Calculate (0 - 1) + -1 - (3408 - 3412).
2
29 + -36 - ((4 + -7 - -8) + -6)
-6
What is 15 + 5 + 8 + -41?
-13
What is 7 + -5 + -13 - -5?
-6
Calculate -265 + 259 - (-3 + -19).
16
Evaluate 21 + (-10 - ((7 - 5) + -3)).
12
Calculate -31 + 29 + -5 + 4 + -1.
-4
4 - (3 - (0 + 4)) - (-5 - -12)
-2
What is -10 + (-11 - (7 + -20) - (-1 - -2))?
-9
Evaluate -8 - (-2 + 7 + -4 + -4 + 1).
-6
Evaluate (10 - -9) + -7 + (2 + 4 - 37).
-19
What is 32 - (3 + -41 + 52)?
18
-6 - (-15 - -20 - 13)
2
What is 24 + -18 - (3 - 5)?
8
-10 + 1 + 2 + -3 + 6
-4
-2 - 17 - (-87 + 69)
-1
-5 - -7 - (98 - 98)
2
Calculate (28 - 18) + (6 + 1 - 4).
13
Evaluate 6 - (4 - -4 - 13 - -6).
5
Evaluate (-3 - (30 + 4)) + 4 + (11 - 10).
-32
What is the value of -40 + 6 - (-3 + (-24 - -13))?
-20
Evaluate -1 - 0 - -6 - (-14 + (38 - 6)).
-13
Evaluate (24 - (61 - 36)) + (10 - (2 + 0)).
7
-12 + 4 + (4 + -3 - 3)
-10
What is 2 - (1 - -1) - (-1 + 4 - 8)?
5
What is 12 + -21 + 6 + -8?
-11
What is 21 - 16 - ((-8 - -5) + 28)?
-20
What is -29 - -29 - 22 - -27?
5
399 + -410 - ((2 - -1) + 2)
-16
Calculate -14 + (-2 - 0) + (83 - 90).
-23
Evaluate 0 + -4 + 0 + -9 + 12 - -6.
5
What is the value of (-1 - -4) + (-2 - -9) - -4 - 2?
12
(42 - (2 - 1)) + (892 - 898)
35
(-4 - -11) + -5 - 15
-13
Calculate (13 - 24) + (4 - 6).
-13
Evaluate 3 + 3 + 2 - 4 - (14 + -12).
2
-19 - -11 - -7 - -6
5
What is the value of -48 - -42 - (8 + 4)?
-18
(-5 - (3 - -8)) + 17
1
What is the value of -1 + 1 + 4 + -1 + 60 + -69?
-6
Evaluate 5 + (14 - 29) + 13.
3
Calculate 7 - ((-2 - 4) + (2 - 2 - -3)).
10
What is the value of -8 + (-4 - -6) + -8 + 36?
22
-8 - (-7 + 11 + -16 - -7 - -17)
-20
(2 - 0) + -4 + (-152 - -144) + 26
16
Calculate 2 - 18 - (13 + -20 - (0 + -1)).
-10
Calculate (15 + -12 - 12) + 5 + 2.
-2
What is the value of 0 - -9 - (484 - 459)?
-16
What is the value of (-52 - -6 - -9) + 6?
-31
What is -27 - (-14 + -18 + 14)?
-9
Evaluate 10 + -3 - 1 - 17.
-11
Evaluate -12 + -3 + (2 - (8 - 3)) + 8.
-10
What is 449 - 457 - (-16 - (-1 - -1))?
8
-4 - -4 - (-12 + 7 + 5 - 8)
8
What is -7 + (7 - 1) + (-35 - -39)?
3
-33 + (-3 - -39) + (0 - 32)
-29
What is the value of -8 - (6 + -3) - (-2 + -3 + -3)?
-3
What is (3 - (4 - 25)) + -43?
-19
What is (9 - 17) + (15 - 8) + (3 - 3)?
-1
What is the value of 27 - (-1 + 26 - 2)?
4
Evaluate 8 + (11 - (26 + -13)).
6
What is (-8 - -10 - 7) + (23 - 48)?
-30
Calculate 16 - (9 + (3 - 5 - -5) + -10).
14
Calculate 13 + (-2 - (-27 + 12 - -27)).
-1
Calculate -2 - -1 - (0 - 4) - (-1 + 23).
-19
-8 + 10 + 0 + 12 + -2
12
What is 2 + (12 - 25) - (2 + -1)?
-12
What is the value of -1 + -8 + (-30 - (-20 + -7)) + 51?
39
Calculate 2 - 4 - (-7 - (8 + -23) - 13).
3
Evaluate 25 + -4 - (-548 + 568).
1
Calculate -22 - (29 - 69) - 16.
2
Evaluate (29 - 1) + -3 + (-149 - -138).
14
What is the value of 34 + -7 - (-8 - -10 - 7)?
32
What is the value of 6 - -9 - 12 - 3?
0
Evaluate -33 - (4 + (-21 - -8 - -6)).
-30
What is 5 - (133 - 121 - (-12 + 1))?
-18
What is 42 - (35 + -9) - 35?
-19
What is the value of -22 - (-6 - ((7 - 18 - -4) + 7))?
-16
What is the value of (27 - 14) + 13 - 8?
18
Evaluate (-9 + 12 - 12) + 8.
-1
Evaluate -1 - -10 - (-8 - (-19 - -10)).
8
What is the value of (-7 - -24) + -16 - (-13 + -1 + 1)?
14
4 + (12 - (14 - 9)) - 20
-9
Evaluate 47 - -11 - 49 - (-14 + (0 - -2)).
21
Calculate (-19 - (27 + -39)) + (16 - 1) - 8.
0
What is the value of -341 + 341 - (4 + (4 - 11))?
3
What is 16 - 20 - (0 + -7)?
3
What is the value of (7 - -3) + 17 + -22?
5
What is -1 - (9 + (-15 - -5) - (-3 + 5))?
2
Calculate -37 + (-11 - (-10 + 9)) + 19.
-28
What is -6 - (-32 - 4 - (-10 + 2) - -9)?
13
What is 4 + 8 + -9 + 5?
8
Calculate (11 - 31) + -21 + 48.
7
Calculate 13 + -24 + 53 + -28.
14
Calculate -12 + (0 + 3 - -6).
-3
Calculate (9 - (11 + -6 + 3 + -1)) + -6.
-4
(9 - 0) + 4 + -20
-7
Calculate -4 - ((1 - (0 - -6)) + -15 + 5).
11
Evaluate (18 - (-6 - -12)) + 10 + -4.
18
3 + (-17 - -2) - (-500 + 485)
3
-319 + 284 - (-11 + 2)
-26
Evaluate -6 + (0 - (5 + 2 + 1 + -14)).
0
-8 + (13 - -5) - 20
-10
What is the value of -19 - (-12 - (-6 + 15 + -10))?
-8
What is (-2 + (7 - 10) - -26) + (-7 - 1)?
13
What is the value of -11 + 0 - (-5 - -7 - (2 - -2))?
-9
Evaluate 452 + -394 + 4 + -51.
11
What is 8 - (19 - (7 - -4) - 0)?
0
What is -9 + (-40 - -26) + 38?
15
What is (26 - (-17 + 11)) + -9?
23
Calculate 9 - ((31 - 27) + -7 + 0).
12
What is the value of -23 - -14 - 3 - -21?
9
Calculate 0 - ((4 - -1 - 5) + 2 + -21).
19
Evaluate 1 + (7 - 1) + 39 + -47 - 0.
-1
Evaluate -3 + -6 + (1 - 12 - -11).
-9
Evaluate 0 + (-12 - (-10 - (6 - -1))) - 3.
2
12 + 4 + (-6 - 3)
7
Evaluate (-22 - -7) + 7 + 10.
2
(-17 - -9) + -2 - (-9 - (-3 - 0))
-4
What is 3 - (13 + -26) - 28?
-12
What is the value of (-20 - -10) + 10 + 9?
9
What is (25 + -8 - (53 + -25)) + 19?
8
Evaluate (13 - (10 - -2)) + -12.
-11
What is 2 + -5 - (-34 + -15 + 11 + 23)?
12
Evaluate (-3 - (0 - (-2 + 6